ivided by 9.
4
Suppose -8*k + 120 + 496 = 0. What is the remainder when (k/(-7))/(4/(-12)) is divided by 7?
5
Suppose 2*d - 2*q = 1119 + 509, 0 = -d + 3*q + 830. Calculate the remainder when d is divided by 167.
138
Suppose -3*j + 35 - 2 = 0. What is the remainder when 17 is divided by j/(132/(-18)) - 26/(-4)?
2
Suppose -347*o + 355*o = 712. Calculate the remainder when 530 is divided by o.
85
Let c = -38366 + 40991. What is the remainder when c is divided by 14?
7
Let u = 111 - 64. Let q = u - 50. What is the remainder when q/6*1*-188 is divided by 24?
22
Let d be 2/9 - (50875/(-45))/11. Suppose d*u - 99*u - 2488 = 0. What is the remainder when u is divided by 24?
22
Let s = 53 - 25. Let u = s + -9. Let c = 2790 - 2779. Calculate the remainder when u is divided by c.
8
Suppose 11*o - 7*o + 4*f + 284 = 0, 3*o + 203 = -f. Let i = o + 92. Let n = -15 + 29. Calculate the remainder when i is divided by n.
12
Suppose 6432 = 15*a - 2*a + 2272. Calculate the remainder when a is divided by 316.
4
Let b be -12 - (14/2 - 3 - 0). Let a(o) = o**2 + 16*o + 11. What is the remainder when 60 is divided by a(b)?
5
Calculate the remainder when (-50)/(-75)*(3 + 6936)*7/6 is divided by 40.
37
Suppose d - 584 + 38 = -4*r, -2*d = 4*r - 540. What is the remainder when 366 is divided by r?
90
Suppose 50 = 2*n - 296. Let y be (2/7)/(-8 - (-1625)/203). Suppose 16*z + y = 17*z. What is the remainder when n is divided by z?
57
Let v = -2134 + 2871. What is the remainder when v is divided by 20?
17
Suppose 0 = 5*h - 3*d - d - 441, 3*h = d + 266. Let k = 227 - h. Suppose 20*t - k = 17*t. Calculate the remainder when 181 is divided by t.
43
Suppose 4*t = 74 + 50. Suppose 0 = -20*h + 5949 + 211. Let f = h + -250. What is the remainder when f is divided by t?
27
Let z = 30 + 19. Let u = -36 + z. Calculate the remainder when 75 is divided by u.
10
Suppose 5*h - 18003 = -16*f, 16*f - 12*f + 5*h - 4527 = 0. What is the remainder when f is divided by 12?
7
Let w(k) = k**3 + k**2 + 3*k + 20. Let r be w(0). Suppose r*t - 187 = 453. What is the remainder when t is divided by 25?
7
Let d = 17282 - 17196. Calculate the remainder when 173 is divided by d.
1
Let s = -657 - -647. Calculate the remainder when 30 is divided by ((-15)/3)/(s/36).
12
Let o(q) = -q**3 + 14*q**2 + 4*q - 19. Suppose -221 = -26*k + 143. What is the remainder when 145 is divided by o(k)?
34
Let o(u) = -20*u**2 + 1359*u + 73. What is the remainder when 1230 is divided by o(68)?
0
Let x = 1 + 15. Suppose -14*z = -x*z + 68. What is the remainder when z is divided by (-9)/((99/2)/11 - 5)?
16
Let s = 3560 - -366. Calculate the remainder when s is divided by 15.
11
Let p = -429 + 454. Let i(r) = -4*r**2 + 102*r - 45. Suppose -a + 5*q = -15, q - 2*q = -5*a + 51. What is the remainder when a is divided by i(p)?
0
What is the remainder when 12/(-30) - ((-48488)/(-95))/(-1) is divided by 21?
6
Let r(q) be the third derivative of -q**6/120 + 29*q**5/60 - 2*q**4 - 58*q**3/3 - 159*q**2. What is the remainder when r(27) is divided by 31?
15
Let v(z) = 237*z + 1053. What is the remainder when v(32) is divided by 24?
21
Let t(n) = -15*n - 84. Let x(c) = -c - 2. Let r(f) = t(f) - 6*x(f). What is the remainder when r(-16) is divided by 37?
35
Let o = 123 + -73. Suppose 0*g - o = 5*g. Let c(b) = -15*b - 62. Calculate the remainder when c(g) is divided by 18.
16
Suppose -88*p - 104*p + 1692 = -174*p. Calculate the remainder when 190 is divided by p.
2
Suppose 28*a - 98*a = -490. Suppose -4*w + 5*z = 33, -3*z + 30 = -3*w - z. What is the remainder when a is divided by (5/15)/((-4)/w)?
0
What is the remainder when (19 - 17) + (72 - -1)/(1/5) is divided by 119?
10
Let t(s) = -13*s - 102. Suppose 5*n + 27 = -3*v, 8*v - 6*v + 3*n + 18 = 0. Calculate the remainder when 508 is divided by t(v).
13
Let a(b) = -11*b + 2. Let g(x) = -12*x + 2. Let l(w) = -6*a(w) + 5*g(w). Let v be l(-3). What is the remainder when 15 is divided by 1/(-4) - 185/v?
6
Let g(v) = 10*v**3 - 2*v. Let n = 124 + -124. Suppose 0 = 2*u, -d + 0*u + 3*u + 20 = n. Calculate the remainder when g(2) is divided by d.
16
Let u(p) = 37*p**2 - 2*p - 7. Suppose -35*f + 461 = -135 - 279. What is the remainder when u(3) is divided by f?
20
Let t(h) = 12*h**2 + 12 - 7*h**2 - 6*h + 2*h - 6*h**2. Let b be t(4). What is the remainder when (-8)/b*10 - -33 is divided by 14?
9
Let n = 453 + -438. Suppose -l - 1655 = -4*w, 4*w - 18*l - 1645 = -n*l. Calculate the remainder when w is divided by 38.
35
Suppose 315*r - 62*r = -348*r + 357595. What is the remainder when r is divided by 184?
43
Suppose -2*c + 6*c = -i + 275, 0 = -4*i + 4*c + 960. What is the remainder when i is divided by 237?
10
Suppose -f = 2*v - 16, -3*f + 18*v = 15*v - 48. Suppose f*o + 1136 = 32*o. What is the remainder when 125 is divided by o?
54
Let i = 0 + 2. Let u(x) = 12*x. Calculate the remainder when 408/68*3575/150 is divided by u(i).
23
Let m = 867 + -1019. Let f = m + 181. What is the remainder when 52 is divided by f?
23
Let i be (2 - 185/(-2))*(-14976)/(-336). Suppose 31*t - i = 748. Suppose 4*k = 3*f + 164, -6*f = -2*k - f + 82. Calculate the remainder when t is divided by k.
37
Suppose -66*s + 86*s - 24567 = 19813. Calculate the remainder when s is divided by 4.
3
Let g = -11921 - -12036. Suppose 0 - 2 = -r. Suppose 0 = b + r*b - 87. Calculate the remainder when g is divided by b.
28
Suppose 63*o - 1649 + 114 = 733. Calculate the remainder when o is divided by 20 - (1 - 3)/(-2).
17
Suppose -5*d = 2*d + 2184. Let z = -283 - d. What is the remainder when 80 is divided by z?
22
Suppose 0 = -5*x - 26 + 36. Suppose 0 = 2*z - 5*f - 139, -z + x*z + 5*f - 77 = 0. Calculate the remainder when z is divided by 40.
32
Let m(o) = -6*o + 3. Let a(f) = -34*f - 42. What is the remainder when a(-7) is divided by m(-5)?
31
Suppose -203*l + 1080 = -131*l. What is the remainder when 69 is divided by l?
9
Let g(c) = -c**3 + 33*c**2 + 65*c + 255. Calculate the remainder when 2878 is divided by g(35).
78
Let c be ((-4304)/6)/(-8) + (-1)/(-3). Suppose 5*m = 10*m - c. Let h(w) = 4*w**2 - 2*w + 12. What is the remainder when h(4) is divided by m?
14
Let m(t) = 5*t + 5. Let i be m(16). Let o = 211 - i. Suppose -3*y - o = -9*y. Calculate the remainder when y is divided by 11.
10
Suppose -4*b = 32*m - 35*m - 2823, b - 2*m = 702. Let s = b - 675. Calculate the remainder when 229 is divided by s.
31
Calculate the remainder when 4366 is divided by ((-909)/18 + 18)*((-33)/15 + -1).
102
What is the remainder when 1571*16/36 - (-14)/(-63) is divided by 21?
5
Suppose 8*n + 94 = 614. What is the remainder when n is divided by (-8)/(-52) - 111/(-39) - -8?
10
Let h(l) = l**3 + 9*l**2 - 6*l + 57. Suppose -11*p + 249 = 359. Let r(w) = w**2 - w + 32. Calculate the remainder when r(0) is divided by h(p).
15
Suppose 11*k + 1305 + 3139 = 0. Let g be (k/6)/(7/21 - 1). Let z = g - 86. What is the remainder when 43 is divided by z?
13
Let n(d) = 3*d**2 - 2*d - 6. Let m be n(3). Let k = m + -1. Let l = 123 + 28. Calculate the remainder when l is divided by k.
11
Let k be (-44)/(-33)*-2*(-108)/32. Suppose 5*a - 150 = 4*o - k*o, a - 26 = 3*o. What is the remainder when 752 is divided by a?
27
Suppose 4*f + 4*p - 196 + 160 = 0, -f + 21 = -p. Calculate the remainder when (-1 - -178) + (0 - 0) is divided by f.
12
What is the remainder when 2652 is divided by ((-2)/(-24)*9)/(15/26440)?
8
Let s(k) = k**2 - 13*k + 4. Let c be 170/(-4)*(3/5 - 1). Calculate the remainder when s(c) is divided by 15.
12
Suppose -475 + 1707 = 176*c. Calculate the remainder when (-3 - 0)*(2 - 11) is divided by c.
6
Let g be (-24)/(-96) - 270/(-8). Suppose -112 + g = -3*a. Suppose -1 - 34 = -5*t + 5*m, t - 2*m = 6. What is the remainder when a is divided by t?
2
Let x be ((-21)/(168/32))/(1/(-80)). Suppose -476 = 3*s + 2*d, 5*s = -d - 3*d - 790. Let g = s + x. Calculate the remainder when g is divided by 27.
23
Suppose 3*k - 7 - 35 = 0. Suppose -209*r + 36 + 12 = -205*r. What is the remainder when k is divided by r?
2
Let w = 416 - 416. Suppose w = 5*u + 3*k - 535, 16*u + 2*k = 18*u - 214. What is the remainder when u is divided by 22?
19
Suppose -34 = o - 5*s, -7*o + s = -3*o + 41. Let x = -53 - -95. What is the remainder when 186/((o/(-2))/3) is divided by x?
40
Suppose -21 - 26 = 